ber?
True
Suppose 2*d = 2*h + 14, -5*d - 15 - 20 = 5*h. Is (22/6)/(h/(-987)) prime?
False
Suppose -36*b + 35*b + 209 = 0. Is b a composite number?
True
Suppose i - 4 = -20. Is (-616)/i - 1/(-2) prime?
False
Let g(i) be the first derivative of i**3/3 - 4*i**2 + 2*i + 2. Is g(11) composite?
True
Let x = 6 + -4. Suppose -t = -2 - 3. Suppose -2*h + 149 = -t*j, x*h + 5*j - 59 - 140 = 0. Is h a prime number?
False
Let r(n) be the third derivative of -n**7/2520 - n**6/120 - n**5/60 + n**4/24 - 2*n**2. Let d(a) be the second derivative of r(a). Is d(-3) a composite number?
False
Let p(q) = 88*q + 5. Is p(9) a composite number?
False
Suppose h - 420 = 445. Is h a prime number?
False
Suppose 0*h - 6 = -3*h. Suppose h*j - 75 = -j. Is j prime?
False
Suppose -4*r - 24 = 12. Let u(f) = f + 8. Let l be u(r). Is (-40)/(-2) + -2 - l composite?
False
Suppose 2*l = -5*h + 5*l + 62, -30 = -h + 5*l. Is h a composite number?
True
Let n(f) = f**2 - 2*f - 7. Let q be n(5). Suppose 0 = -4*o + 112 - q. Is o a prime number?
False
Let p(t) = t**3 - 8*t**2 + 4*t - 45. Is p(20) composite?
True
Let h = 183 + -107. Let k = -38 + h. Is k prime?
False
Let g(y) = -13*y - 6. Let p be g(-9). Let h = p + -78. Is h a composite number?
True
Let k = -74 - -229. Is k a prime number?
False
Let h(x) = x**2 - x - 2. Let w be h(2). Let q = w - 0. Let l = 4 + q. Is l prime?
False
Suppose -21*x = -18*x - 2022. Is x a prime number?
False
Suppose 215 = 2*r + 4*w - 47, 4*r + 2*w - 512 = 0. Is r prime?
True
Let g(z) = z + 7. Let l be g(-5). Suppose l*v - 190 + 18 = 0. Suppose 2*d + t + t - v = 0, 3*d - 125 = -4*t. Is d a composite number?
False
Let r(l) = 553*l - 3. Let t be r(3). Let q = t - 643. Suppose -5*u - 2*i = -q, 264 = 2*u - 3*i - 145. Is u a prime number?
False
Let c(s) = -s**3 + 7*s**2 - s - 5. Let g be c(7). Let o(l) = l**3 + 12*l**2 - 4*l - 15. Is o(g) a composite number?
True
Let n be -7 + 467 + -4 + 1. Suppose -5*r = -n + 12. Is r composite?
False
Let b = 86 - 49. Is b a composite number?
False
Suppose -3*f = j + 3544, -5 + 4 = j. Is 2/(-4)*(7 + f) a prime number?
True
Let t = -1502 - -3237. Is t composite?
True
Suppose -20 = -4*x - 4*t, 5 = 3*x - 4*t + 4. Suppose 2*u = -2*u + 8. Suppose -x*z = u*z - 10. Is z a prime number?
True
Suppose 3*y - 1680 - 589 = -4*j, 20 = 5*j. Is y a prime number?
True
Suppose -2*r - 4*v = -0*v + 230, 5*v = -r - 121. Let q = 38 - r. Is q composite?
False
Let d(j) = j**3 + 27*j**2 - 15*j - 18. Is d(-19) prime?
False
Let i = 767 + -425. Suppose 0 = -4*q - 4*l - l + i, -l = -4*q + 330. Is q composite?
False
Let f = 453 - 266. Is f a prime number?
False
Suppose -d - 2 = -5*i, 0 = i - d + 3*d + 4. Suppose 3 = s - 4*k - 22, i = 5*k. Let a = 36 - s. Is a a prime number?
True
Let b be (-4)/30 - (-37585)/75. Let s = -296 + b. Is s prime?
False
Let v be 4/(-10) + (-214)/(-10). Suppose -v = -4*o - 9, f + 5*o - 15 = 0. Suppose f = -3*a + 185 - 32. Is a composite?
True
Is -1*201/(-6)*10 a composite number?
True
Let h(v) = 11*v**2 - 12*v + 5. Let z be 8/(-2) + 7 - -3. Is h(z) a composite number?
True
Suppose -3*z = -5*v + 10, v - 7 - 7 = 3*z. Is ((-14)/(-4))/(v/(-6)) prime?
False
Let o(z) = z**3 + 5*z**2 - z - 5. Let m be o(-5). Suppose -j - 7*n + 109 = -3*n, -j - 3*n + 114 = m. Is j prime?
False
Let p = -727 - -1100. Is p a composite number?
False
Suppose 9 = 3*p - 6. Suppose -l + p = 2. Suppose l*h - 13 - 80 = 0. Is h a prime number?
True
Suppose -56 = -2*z - 20. Suppose 129 = 2*k + 5*m, 2*k + m = k + 66. Let w = k - z. Is w prime?
False
Suppose 2*x = -n + 135, -4*x - x = -10. Is n prime?
True
Let n(l) = -58*l. Let f(t) = 29*t. Let a(r) = 7*f(r) + 3*n(r). Let w be a(4). Suppose 0 = 2*z - 4*i + i - w, -i + 218 = 4*z. Is z a prime number?
False
Let s(z) be the third derivative of -3*z**6/20 - z**5/30 - z**4/4 - z**3/2 + 11*z**2. Is s(-2) a composite number?
True
Suppose c + 0*c = 120. Let r be 15/(-6) + (-30)/(-20). Is 1 + (-1)/(r/c) composite?
True
Let n(b) = 43*b**2 - 2*b + 2. Let a be n(2). Is (a/(-1))/((-20)/10) a prime number?
False
Let d(o) = -1 + 4*o - 1 + 0 + o**2. Let g = -27 - -30. Is d(g) a prime number?
True
Let j = 6 - -5. Let x = j - 16. Let h(p) = -p**2 - 11*p + 5. Is h(x) prime?
False
Suppose 0*j = j. Suppose 3*r + r + 5*t + 36 = j, 5*r + 58 = -3*t. Let b = r - -45. Is b a composite number?
False
Let i(r) = r**2 - 6*r. Let a be i(6). Suppose -1 = o - a. Let y(k) = -66*k**3 - k. Is y(o) composite?
False
Suppose 3*n + 16 = 5*n. Suppose -5*k - 493 = -3*z, 0*k = 2*k - n. Suppose -2*d + z = 17. Is d a composite number?
True
Let l(w) = -76*w + 13. Let k be l(-12). Let v be (-1 - 5/2)*-2. Suppose v*h = 2*h + k. Is h a prime number?
False
Let h = 2 - -7. Let o(i) = i**3 - 4*i**2 + 8*i - 8. Is o(h) a prime number?
False
Let z be (234/4)/(1/(-2)). Let v = 44 - z. Is v prime?
False
Let w = -830 + 3985. Is w prime?
False
Let z = 3 - 13. Let t = 16 + z. Is 2/t - 40/(-6) composite?
False
Let y = -65 - -278. Is y a composite number?
True
Let d(k) = k**3 - 6*k**2 + 9*k - 1. Is d(8) a composite number?
False
Suppose 4*w - 380 = 3*l, 5*l = -5*w + 2*l + 475. Is w prime?
False
Let q = 93 - 72. Is q a prime number?
False
Suppose 0 = 3*r - 3*m - 3, -2*r - 5 - 2 = m. Let j(s) be the second derivative of s**5/20 + s**4/4 - s**2/2 + 2*s. Is j(r) a prime number?
True
Let c(j) = 24*j**2 - 5. Suppose -2*b - n = -8, 4*b + b - 5*n = 5. Is c(b) prime?
True
Suppose -58*x + 62*x = 14324. Is x a prime number?
True
Let p(l) = l - 4. Let f be p(6). Suppose f*g + 1185 = 5*g. Is g composite?
True
Is 0 + 1 + -1 + 159 composite?
True
Let t = -668 + 1351. Is t a composite number?
False
Suppose u - 5*x - 999 = 0, 4*x + 1618 - 616 = u. Let y(i) = -i + 9. Let q be y(7). Suppose 5*o - g = u, 0*g - 409 = -q*o - 3*g. Is o prime?
False
Let v = 170 - 77. Is v a composite number?
True
Let n(t) = 15*t**2 - 2*t + 1. Let c be -1*(-2)/2*0. Suppose -3 + c = -3*z. Is n(z) a prime number?
False
Let v = 128 - 37. Suppose q - v = 70. Is q prime?
False
Let s be -2*(1 + 0)/(-1). Suppose -2 = -s*o + 24. Is o a composite number?
False
Let d(g) = -g - 1. Let h be d(-5). Suppose -12 = 5*b + 3, 0 = h*k - 5*b - 15. Suppose i + k*i - 6 = 0. Is i a prime number?
False
Suppose 0 = -5*t + 5*s - 170 + 550, -s = 5*t - 386. Is t composite?
True
Let w(c) = c + 3. Let m be w(-1). Suppose 260 = m*r + 2*v, r - 112 = -0*r + 5*v. Is r prime?
True
Suppose 417 - 140 = i. Let r = i + -198. Is r a prime number?
True
Let l be 91/14 + (-1)/(-2). Let x(v) = v**2 - 4*v - 8. Is x(l) prime?
True
Let p(n) = 6*n**2 - 10*n - 1. Is p(7) a composite number?
False
Suppose -o - 4*j = 13, -4*o + 12 = 5*j + 86. Is o/(-2) - 2/(-4) a composite number?
False
Let n be 9 + 0 - (-3)/(-3). Suppose -n*a = -10*a + 110. Is a a prime number?
False
Let a = 235 - 149. Is a a prime number?
False
Let z = -5459 + 2925. Suppose -5*k + 5*n = 105, -2*k - n - 13 = 32. Is (-8)/44 + z/k composite?
True
Let v(y) = 4*y**3 - y**2. Let p be v(1). Suppose -2*x - p*x + 16 = -c, -3*x = -3*c. Suppose -4*o = -3*o - z - 82, 5*z = c*o - 333. Is o a composite number?
True
Suppose 0 = 5*y - 19592 + 487. Is y prime?
True
Let x be (-1)/(-3) + 381/(-9). Is (x + 0)*1/(-2) a composite number?
True
Let a(m) = 13*m**3 - 3*m**2 - 5*m + 3. Let d(r) = 27*r**3 - 7*r**2 - 11*r + 7. Let g(l) = 9*a(l) - 4*d(l). Let h be g(-1). Let z(p) = -p - 2. Is z(h) prime?
False
Let w(g) = 2 + 9 + 0*g - 5 - 4*g. Let z(d) = -5*d + 3. Let s be z(2). Is w(s) prime?
False
Let y be 162*-2*7/(-14). Suppose -5*x - k = 3*k - 387, -2*k - y = -2*x. Is x a prime number?
True
Let z(k) = 16*k**2 + k - 1. Suppose 0 = -t + 4*t - 18. Let o be z(t). Suppose u + o = 5*n + 3*u, 15 = 5*u. Is n prime?
False
Let l(y) = 361*y**3 + 3*y**2 - 2*y + 3. Is l(2) a prime number?
False
Let s(c) = 685*c + 2. Is s(1) a prime number?
False
Let y(u) = 8*u**2 - 17*u. Is y(-7) composite?
True
Let u(m) = -10*m + 13. Is u(-10) composite?
False
Let x = -1 + 6. Suppose 0 = 2*f - x*f + 231. Is f a prime number?
False
Is ((-826)/(-56))/(2/56) a prime number?
False
Let z be (-2)/(-6) - (-10)/(-3). Suppose 0*n + 3*n = 15, v - 5*n = -21. Let u = v - z. Is u composite?
False
Let w = -13 - -28. Is w/(-5)*17*-1 prime?
False
Suppose 2*j + 393 = 1885. Is j a composite number?
True
Suppose -4*p - 6 = 3*s, 2*p + s = 2 - 4. Suppose -d = -5*u - 17, -u + p*